{"id":46,"date":"2009-11-18T09:56:28","date_gmt":"2009-11-18T14:56:28","guid":{"rendered":"http:\/\/rhespel.perso.sfr.fr\/?page_id=46"},"modified":"2021-07-07T11:06:31","modified_gmt":"2021-07-07T09:06:31","slug":"portfolio","status":"publish","type":"page","link":"https:\/\/hespel.fr\/?page_id=46","title":{"rendered":"Portfolio"},"content":{"rendered":"<p>Retrouvez d&rsquo;autres exemples des projets sur lesquels j&rsquo;ai pu travailler sur mon espace <a title=\"R. Hespel sur Vimeo\" href=\"http:\/\/vimeo.com\/rhespel\" target=\"_self\" rel=\"noopener\">Vimeo<\/a>.<\/p>\n<p><strong>Vid\u00e9o de pr\u00e9sentation du Centre Spatial de Li\u00e8ge<\/strong> (2019)<\/p>\n<div class=\"jetpack-video-wrapper\"><span class=\"embed-youtube\" style=\"text-align:center; display: block;\"><iframe loading=\"lazy\" class=\"youtube-player\" width=\"780\" height=\"439\" src=\"https:\/\/www.youtube.com\/embed\/kBw89kdSA9s?version=3&#038;rel=1&#038;showsearch=0&#038;showinfo=1&#038;iv_load_policy=1&#038;fs=1&#038;hl=fr-FR&#038;autohide=2&#038;wmode=transparent\" allowfullscreen=\"true\" style=\"border:0;\" sandbox=\"allow-scripts allow-same-origin allow-popups allow-presentation allow-popups-to-escape-sandbox\"><\/iframe><\/span><\/div>\n<p><strong>Visite du campus de l&rsquo;Universit\u00e9 de Li\u00e8ge \u00e0 360\u00b0<\/strong> (2018)<\/p>\n<div class=\"jetpack-video-wrapper\"><span class=\"embed-youtube\" style=\"text-align:center; display: block;\"><iframe loading=\"lazy\" class=\"youtube-player\" width=\"780\" height=\"439\" src=\"https:\/\/www.youtube.com\/embed\/TbF3HWX-xSg?version=3&#038;rel=1&#038;showsearch=0&#038;showinfo=1&#038;iv_load_policy=1&#038;fs=1&#038;hl=fr-FR&#038;autohide=2&#038;start=15&#038;wmode=transparent\" allowfullscreen=\"true\" style=\"border:0;\" sandbox=\"allow-scripts allow-same-origin allow-popups allow-presentation allow-popups-to-escape-sandbox\"><\/iframe><\/span><\/div>\n<p><strong>Clip \u00e0 destination des dipl\u00f4m\u00e9s de l&rsquo;Universit\u00e9 de Li\u00e8ge<\/strong> (2013)<\/p>\n<div class=\"jetpack-video-wrapper\"><iframe loading=\"lazy\" title=\"What are you waiting for ?\" src=\"https:\/\/player.vimeo.com\/video\/86115217?dnt=1&amp;app_id=122963\" width=\"780\" height=\"439\" frameborder=\"0\" allow=\"autoplay; fullscreen; picture-in-picture; clipboard-write\"><\/iframe><\/div>\n<p><strong>Autour d\u2019Arthur Grumiaux<\/strong> (2011)<\/p>\n<div class=\"jetpack-video-wrapper\"><iframe loading=\"lazy\" title=\"Autour d&#039;Arthur\" src=\"https:\/\/player.vimeo.com\/video\/32133617?dnt=1&amp;app_id=122963\" width=\"780\" height=\"585\" frameborder=\"0\" allow=\"autoplay; fullscreen; picture-in-picture; clipboard-write\"><\/iframe><\/div>\n<p><a href=\"http:\/\/hespel.fr\/?page_id=7\" target=\"_self\" rel=\"noopener\"><strong>Contactez-moi<\/strong><\/a>.<\/p>\n","protected":false},"excerpt":{"rendered":"<p>Retrouvez d&rsquo;autres exemples des projets sur lesquels j&rsquo;ai pu travailler sur mon espace Vimeo. Vid\u00e9o de pr\u00e9sentation du Centre Spatial de Li\u00e8ge (2019) Visite du campus de l&rsquo;Universit\u00e9 de Li\u00e8ge \u00e0 360\u00b0 (2018) Clip \u00e0 destination des dipl\u00f4m\u00e9s de l&rsquo;Universit\u00e9 de Li\u00e8ge (2013) Autour d\u2019Arthur Grumiaux (2011) Contactez-moi.<\/p>\n","protected":false},"author":2,"featured_media":0,"parent":0,"menu_order":0,"comment_status":"closed","ping_status":"open","template":"","meta":{"jetpack_post_was_ever_published":false,"footnotes":""},"class_list":["post-46","page","type-page","status-publish","hentry"],"aioseo_notices":[],"jetpack_shortlink":"https:\/\/wp.me\/P97UKg-K","jetpack-related-posts":[{"id":7,"url":"https:\/\/hespel.fr\/?page_id=7","url_meta":{"origin":46,"position":0},"title":"A propos","author":"R. Hespel","date":"octobre 25, 2009","format":false,"excerpt":"Cr\u00e9ateur de contenu vid\u00e9o pour le web principalement, je suis actuellement vid\u00e9aste pour l'Universit\u00e9 de Li\u00e8ge, en Belgique. Je m'int\u00e9resse \u00e0 tout ce qui touche \u00e0 la vid\u00e9o, au cin\u00e9ma, au web et aux nouvelles technologies... Avec ce blog, je partage mon point de vue sur la mani\u00e8re dont ces\u2026","rel":"","context":"Dans &quot;R\u00e9flexions&quot;","block_context":{"text":"R\u00e9flexions","link":"https:\/\/hespel.fr\/?cat=4"},"img":{"alt_text":"","src":"","width":0,"height":0},"classes":[]},{"id":1006,"url":"https:\/\/hespel.fr\/?page_id=1006","url_meta":{"origin":46,"position":1},"title":"Privacy Policy","author":"R. Hespel","date":"mai 30, 2018","format":false,"excerpt":"Who we are Our website address is: https:\/\/hespel.fr. What personal data we collect and why we collect it Comments When visitors leave comments on the site we collect the data shown in the comments form, and also the visitor\u2019s IP address and browser user agent string to help spam detection.\u2026","rel":"","context":"Article similaire","block_context":{"text":"Article similaire","link":""},"img":{"alt_text":"","src":"","width":0,"height":0},"classes":[]},{"id":122,"url":"https:\/\/hespel.fr\/?page_id=122","url_meta":{"origin":46,"position":2},"title":"Mes services","author":"R. Hespel","date":"f\u00e9vrier 5, 2010","format":false,"excerpt":"Consultant en vid\u00e9o et vid\u00e9ographe ind\u00e9pendant... Qu'est-ce que \u00e7a veut dire ? Vous \u00eates une entreprise, un ind\u00e9pendant ou un particulier et vous avez besoin d'une vid\u00e9o. Je peux vous aider. De la conception... Une vid\u00e9o r\u00e9ussie est une vid\u00e9o bien con\u00e7ue. Peu importe les moyens que vous mettrez dans\u2026","rel":"","context":"Dans &quot;R\u00e9flexions&quot;","block_context":{"text":"R\u00e9flexions","link":"https:\/\/hespel.fr\/?cat=4"},"img":{"alt_text":"","src":"https:\/\/i0.wp.com\/hespel.fr\/wp-content\/uploads\/2018\/06\/SVtrusted-EN-300x75.png?resize=350%2C200&ssl=1","width":350,"height":200},"classes":[]}],"_links":{"self":[{"href":"https:\/\/hespel.fr\/index.php?rest_route=\/wp\/v2\/pages\/46","targetHints":{"allow":["GET"]}}],"collection":[{"href":"https:\/\/hespel.fr\/index.php?rest_route=\/wp\/v2\/pages"}],"about":[{"href":"https:\/\/hespel.fr\/index.php?rest_route=\/wp\/v2\/types\/page"}],"author":[{"embeddable":true,"href":"https:\/\/hespel.fr\/index.php?rest_route=\/wp\/v2\/users\/2"}],"replies":[{"embeddable":true,"href":"https:\/\/hespel.fr\/index.php?rest_route=%2Fwp%2Fv2%2Fcomments&post=46"}],"version-history":[{"count":8,"href":"https:\/\/hespel.fr\/index.php?rest_route=\/wp\/v2\/pages\/46\/revisions"}],"predecessor-version":[{"id":8740,"href":"https:\/\/hespel.fr\/index.php?rest_route=\/wp\/v2\/pages\/46\/revisions\/8740"}],"wp:attachment":[{"href":"https:\/\/hespel.fr\/index.php?rest_route=%2Fwp%2Fv2%2Fmedia&parent=46"}],"curies":[{"name":"wp","href":"https:\/\/api.w.org\/{rel}","templated":true}]}}

<p>Retrouvez d&rsquo;autres exemples des projets sur lesquels j&rsquo;ai pu travailler sur mon espace <a title="R. Hespel sur Vimeo" href="http://vimeo.com/rhespel" target="_self" rel="noopener">Vimeo</a>.</p>
<p><strong>Vidéo de présentation du Centre Spatial de Liège</strong> (2019)</p>
<div class="jetpack-video-wrapper"><span class="embed-youtube" style="text-align:center; display: block;"><iframe loading="lazy" class="youtube-player" width="780" height="439" src="https://www.youtube.com/embed/kBw89kdSA9s?version=3&#038;rel=1&#038;showsearch=0&#038;showinfo=1&#038;iv_load_policy=1&#038;fs=1&#038;hl=fr-FR&#038;autohide=2&#038;wmode=transparent" allowfullscreen="true" style="border:0;" sandbox="allow-scripts allow-same-origin allow-popups allow-presentation allow-popups-to-escape-sandbox"></iframe></span></div>
<p><strong>Visite du campus de l&rsquo;Université de Liège à 360°</strong> (2018)</p>
<div class="jetpack-video-wrapper"><span class="embed-youtube" style="text-align:center; display: block;"><iframe loading="lazy" class="youtube-player" width="780" height="439" src="https://www.youtube.com/embed/TbF3HWX-xSg?version=3&#038;rel=1&#038;showsearch=0&#038;showinfo=1&#038;iv_load_policy=1&#038;fs=1&#038;hl=fr-FR&#038;autohide=2&#038;start=15&#038;wmode=transparent" allowfullscreen="true" style="border:0;" sandbox="allow-scripts allow-same-origin allow-popups allow-presentation allow-popups-to-escape-sandbox"></iframe></span></div>
<p><strong>Clip à destination des diplômés de l&rsquo;Université de Liège</strong> (2013)</p>
<div class="jetpack-video-wrapper"><iframe loading="lazy" title="What are you waiting for ?" src="https://player.vimeo.com/video/86115217?dnt=1&amp;app_id=122963" width="780" height="439" frameborder="0" allow="autoplay; fullscreen; picture-in-picture; clipboard-write"></iframe></div>
<p><strong>Autour d’Arthur Grumiaux</strong> (2011)</p>
<div class="jetpack-video-wrapper"><iframe loading="lazy" title="Autour d&#039;Arthur" src="https://player.vimeo.com/video/32133617?dnt=1&amp;app_id=122963" width="780" height="585" frameborder="0" allow="autoplay; fullscreen; picture-in-picture; clipboard-write"></iframe></div>
<p><a href="http://hespel.fr/?page_id=7" target="_self" rel="noopener"><strong>Contactez-moi</strong></a>.</p>

<p>Retrouvez d&rsquo;autres exemples des projets sur lesquels j&rsquo;ai pu travailler sur mon espace Vimeo. Vidéo de présentation du Centre Spatial de Liège (2019) Visite du campus de l&rsquo;Université de Liège à 360° (2018) Clip à destination des diplômés de l&rsquo;Université de Liège (2013) Autour d’Arthur Grumiaux (2011) Contactez-moi.</p>

Créateur de contenu vidéo pour le web principalement, je suis actuellement vidéaste pour l'Université de Liège, en Belgique. Je m'intéresse à tout ce qui touche à la vidéo, au cinéma, au web et aux nouvelles technologies... Avec ce blog, je partage mon point de vue sur la manière dont ces…

Dans &quot;Réflexions&quot;

Réflexions

février 5, 2010

Consultant en vidéo et vidéographe indépendant... Qu'est-ce que ça veut dire ? Vous êtes une entreprise, un indépendant ou un particulier et vous avez besoin d'une vidéo. Je peux vous aider. De la conception... Une vidéo réussie est une vidéo bien conçue. Peu importe les moyens que vous mettrez dans…
