{"id":122,"date":"2010-02-05T12:03:27","date_gmt":"2010-02-05T17:03:27","guid":{"rendered":"http:\/\/rhespel.perso.sfr.fr\/?page_id=122"},"modified":"2023-07-26T12:54:48","modified_gmt":"2023-07-26T10:54:48","slug":"mes-services-2","status":"publish","type":"page","link":"https:\/\/hespel.fr\/?page_id=122","title":{"rendered":"Mes services"},"content":{"rendered":"<h3><strong> Consultant en vid\u00e9o et vid\u00e9ographe ind\u00e9pendant&#8230; Qu&rsquo;est-ce que \u00e7a veut dire ?<\/strong><\/h3>\n<p>Vous \u00eates une entreprise, un ind\u00e9pendant ou un particulier et vous avez besoin d&rsquo;une vid\u00e9o. Je peux vous aider.<\/p>\n<p><strong>De la conception&#8230;<\/strong><\/p>\n<p>Une vid\u00e9o r\u00e9ussie est une vid\u00e9o bien con\u00e7ue. Peu importe les moyens que vous mettrez dans sa production, les chances qu&rsquo;elle n&rsquo;atteigne pas ses objectifs est multipli\u00e9e par trois si elle n&rsquo;est pas r\u00e9fl\u00e9chie au d\u00e9part. Quels sont vos objectifs, vos cibles ? Je vous accompagne dans ces r\u00e9flexions.<\/p>\n<p><strong>&#8230; \u00e0 la r\u00e9alisation<\/strong><\/p>\n<p>Vous avez d\u00e9j\u00e0 pens\u00e9 \u00e0 tout ? Parfait ! Que vous m&rsquo;ayez demand\u00e9 conseil au pr\u00e9alable ou non, j&rsquo;assure la r\u00e9alisation de votre vid\u00e9o du d\u00e9but \u00e0 la fin :<\/p>\n<blockquote>\n<ul>\n<li>sc\u00e9narisation<\/li>\n<li>tournage<\/li>\n<li>post-production<\/li>\n<li>diffusion<\/li>\n<\/ul>\n<\/blockquote>\n<p><strong>En m&rsquo;adaptant \u00e0 vos besoins<\/strong><\/p>\n<p>Vous pouvez simplement n\u00e9cessiter l&rsquo;intervention d&rsquo;un cam\u00e9raman ou d&rsquo;un monteur. C&rsquo;est pourquoi je m&rsquo;adapte \u00e0 vos demandes, qu&rsquo;il s&rsquo;agisse d&rsquo;une intervention ponctuelle ou d&rsquo;un mandat plus long, en vous proposant une tarification \u00e0 l&rsquo;heure ou au forfait, selon le projet.<\/p>\n<p><strong>Prises de vue \u00e0 360\u00b0<\/strong><\/p>\n<p>Professionnel agr\u00e9e aupr\u00e8s de Google Street View, je peux produire des prises de vue (photo ou vid\u00e9o) \u00e0 360\u00b0 pour pr\u00e9senter un \u00e9tablissement ou tout autre lieu sur <em>Google Maps<\/em>, mais aussi pour cr\u00e9er des visites interactives (agr\u00e9ment\u00e9es de texte et de liens par exemple).<\/p>\n<p><script src=\"https:\/\/static.kuula.io\/embed.js\" data-kuula=\"https:\/\/kuula.co\/share\/7ltgt?fs=1&#038;vr=0&#038;thumbs=1&#038;chromeless=0&#038;logo=0\" data-width=\"100%\" data-height=\"640px\"><\/script><\/p>\n<p>Je suis \u00e9galement \u00e0 votre service pour la cr\u00e9ation de visuels originaux de types <a href=\"https:\/\/www.flickr.com\/photos\/rhespel\/sets\/72157693807132641\" rel=\"noopener\" target=\"_blank\"><em>little planet<\/em> ou <em>wormhole<\/em><\/a>.<\/p>\n<p><strong>Interventions possibles sur :<\/strong><\/p>\n<p>La r\u00e9alisation de vid\u00e9os corporatives, de podcasts \u00e0 destination de l&rsquo;interne ou de l&rsquo;externe, de retransmissions en direct sur internet, &#8230; ou toute autre cr\u00e9ation m\u00e9dia \u00e0 destination du web. La meilleure fa\u00e7on de savoir si je peux vous aider, c&rsquo;est encore de <a title=\"contact\" href=\"http:\/\/hespel.fr\/?page_id=7\" target=\"_self\" rel=\"noopener\">me contacter<\/a>.<\/p>\n<p><img loading=\"lazy\" decoding=\"async\" data-attachment-id=\"1028\" data-permalink=\"https:\/\/hespel.fr\/?attachment_id=1028\" data-orig-file=\"https:\/\/hespel.fr\/wp-content\/uploads\/2018\/06\/SVtrusted-EN.png\" data-orig-size=\"2400,600\" data-comments-opened=\"1\" data-image-meta=\"{&quot;aperture&quot;:&quot;0&quot;,&quot;credit&quot;:&quot;&quot;,&quot;camera&quot;:&quot;&quot;,&quot;caption&quot;:&quot;&quot;,&quot;created_timestamp&quot;:&quot;0&quot;,&quot;copyright&quot;:&quot;&quot;,&quot;focal_length&quot;:&quot;0&quot;,&quot;iso&quot;:&quot;0&quot;,&quot;shutter_speed&quot;:&quot;0&quot;,&quot;title&quot;:&quot;&quot;,&quot;orientation&quot;:&quot;0&quot;}\" data-image-title=\"SVtrusted-EN\" data-image-description=\"\" data-image-caption=\"\" data-large-file=\"https:\/\/hespel.fr\/wp-content\/uploads\/2018\/06\/SVtrusted-EN-1024x256.png\" src=\"https:\/\/hespel.fr\/wp-content\/uploads\/2018\/06\/SVtrusted-EN-300x75.png\" alt=\"\" width=\"300\" height=\"75\" class=\"alignnone size-medium wp-image-1028\" srcset=\"https:\/\/hespel.fr\/wp-content\/uploads\/2018\/06\/SVtrusted-EN-300x75.png 300w, https:\/\/hespel.fr\/wp-content\/uploads\/2018\/06\/SVtrusted-EN-768x192.png 768w, https:\/\/hespel.fr\/wp-content\/uploads\/2018\/06\/SVtrusted-EN-1024x256.png 1024w\" sizes=\"auto, (max-width: 300px) 100vw, 300px\" \/><\/p>\n","protected":false},"excerpt":{"rendered":"<p>Consultant en vid\u00e9o et vid\u00e9ographe ind\u00e9pendant&#8230; Qu&rsquo;est-ce que \u00e7a veut dire ? Vous \u00eates une entreprise, un ind\u00e9pendant ou un particulier et vous avez besoin d&rsquo;une vid\u00e9o. Je peux vous aider. De la conception&#8230; Une vid\u00e9o r\u00e9ussie est une vid\u00e9o bien con\u00e7ue. Peu importe les moyens que vous mettrez dans sa production, les chances qu&rsquo;elle<\/p>\n<footer class=\"entry-footer index-entry\">\n<div class=\"post-social pull-left\"><a href=\"https:\/\/www.facebook.com\/sharer\/sharer.php?u=https%3A%2F%2Fhespel.fr%2F%3Fpage_id%3D122\" target=\"_blank\" class=\"social-icons\"><i class=\"fa fa-facebook\" aria-hidden=\"true\"><\/i><\/a><a href=\"https:\/\/twitter.com\/home?status=https%3A%2F%2Fhespel.fr%2F%3Fpage_id%3D122\" target=\"_blank\" class=\"social-icons\"><i class=\"fa fa-twitter\" aria-hidden=\"true\"><\/i><\/a><a href=\"https:\/\/www.linkedin.com\/shareArticle?mini=true&#038;url=https%3A%2F%2Fhespel.fr%2F%3Fpage_id%3D122&#038;title=Mes+services\" target=\"_blank\" class=\"social-icons\"><i class=\"fa fa-linkedin\" aria-hidden=\"true\"><\/i><\/a><\/div>\n<p class=\"link-more\"><a href=\"https:\/\/hespel.fr\/?page_id=122\" class=\"more-link\">Continue reading <span class=\"meta-nav\">\u2192<\/span><\/a><\/p>\n<\/footer>\n","protected":false},"author":2,"featured_media":0,"parent":0,"menu_order":4,"comment_status":"closed","ping_status":"open","template":"","meta":{"jetpack_post_was_ever_published":false,"footnotes":""},"class_list":["post-122","page","type-page","status-publish","hentry"],"aioseo_notices":[],"jetpack_shortlink":"https:\/\/wp.me\/P97UKg-1Y","jetpack-related-posts":[{"id":7,"url":"https:\/\/hespel.fr\/?page_id=7","url_meta":{"origin":122,"position":0},"title":"A propos","author":"R. Hespel","date":"octobre 25, 2009","format":false,"excerpt":"Cr\u00e9ateur de contenu vid\u00e9o pour le web principalement, je suis actuellement vid\u00e9aste pour l'Universit\u00e9 de Li\u00e8ge, en Belgique. Je m'int\u00e9resse \u00e0 tout ce qui touche \u00e0 la vid\u00e9o, au cin\u00e9ma, au web et aux nouvelles technologies... Avec ce blog, je partage mon point de vue sur la mani\u00e8re dont ces\u2026","rel":"","context":"Dans &quot;R\u00e9flexions&quot;","block_context":{"text":"R\u00e9flexions","link":"https:\/\/hespel.fr\/?cat=4"},"img":{"alt_text":"","src":"","width":0,"height":0},"classes":[]},{"id":46,"url":"https:\/\/hespel.fr\/?page_id=46","url_meta":{"origin":122,"position":1},"title":"Portfolio","author":"R. Hespel","date":"novembre 18, 2009","format":false,"excerpt":"Retrouvez d'autres exemples des projets sur lesquels j'ai pu travailler sur mon espace Vimeo. Vid\u00e9o de pr\u00e9sentation du Centre Spatial de Li\u00e8ge (2019) https:\/\/www.youtube.com\/watch?v=kBw89kdSA9s Visite du campus de l'Universit\u00e9 de Li\u00e8ge \u00e0 360\u00b0 (2018) https:\/\/www.youtube.com\/watch?v=TbF3HWX-xSg&t=15s Clip \u00e0 destination des dipl\u00f4m\u00e9s de l'Universit\u00e9 de Li\u00e8ge (2013) https:\/\/vimeo.com\/86115217 Autour d\u2019Arthur Grumiaux (2011)\u2026","rel":"","context":"Dans &quot;R\u00e9flexions&quot;","block_context":{"text":"R\u00e9flexions","link":"https:\/\/hespel.fr\/?cat=4"},"img":{"alt_text":"","src":"https:\/\/i0.wp.com\/img.youtube.com\/vi\/kBw89kdSA9s\/0.jpg?resize=350%2C200","width":350,"height":200},"classes":[]},{"id":1006,"url":"https:\/\/hespel.fr\/?page_id=1006","url_meta":{"origin":122,"position":2},"title":"Privacy Policy","author":"R. Hespel","date":"mai 30, 2018","format":false,"excerpt":"Who we are Our website address is: https:\/\/hespel.fr. What personal data we collect and why we collect it Comments When visitors leave comments on the site we collect the data shown in the comments form, and also the visitor\u2019s IP address and browser user agent string to help spam detection.\u2026","rel":"","context":"Article similaire","block_context":{"text":"Article similaire","link":""},"img":{"alt_text":"","src":"","width":0,"height":0},"classes":[]}],"_links":{"self":[{"href":"https:\/\/hespel.fr\/index.php?rest_route=\/wp\/v2\/pages\/122","targetHints":{"allow":["GET"]}}],"collection":[{"href":"https:\/\/hespel.fr\/index.php?rest_route=\/wp\/v2\/pages"}],"about":[{"href":"https:\/\/hespel.fr\/index.php?rest_route=\/wp\/v2\/types\/page"}],"author":[{"embeddable":true,"href":"https:\/\/hespel.fr\/index.php?rest_route=\/wp\/v2\/users\/2"}],"replies":[{"embeddable":true,"href":"https:\/\/hespel.fr\/index.php?rest_route=%2Fwp%2Fv2%2Fcomments&post=122"}],"version-history":[{"count":10,"href":"https:\/\/hespel.fr\/index.php?rest_route=\/wp\/v2\/pages\/122\/revisions"}],"predecessor-version":[{"id":52626,"href":"https:\/\/hespel.fr\/index.php?rest_route=\/wp\/v2\/pages\/122\/revisions\/52626"}],"wp:attachment":[{"href":"https:\/\/hespel.fr\/index.php?rest_route=%2Fwp%2Fv2%2Fmedia&parent=122"}],"curies":[{"name":"wp","href":"https:\/\/api.w.org\/{rel}","templated":true}]}}

<h3><strong> Consultant en vidéo et vidéographe indépendant&#8230; Qu&rsquo;est-ce que ça veut dire ?</strong></h3>
<p>Vous êtes une entreprise, un indépendant ou un particulier et vous avez besoin d&rsquo;une vidéo. Je peux vous aider.</p>
<p><strong>De la conception&#8230;</strong></p>
<p>Une vidéo réussie est une vidéo bien conçue. Peu importe les moyens que vous mettrez dans sa production, les chances qu&rsquo;elle n&rsquo;atteigne pas ses objectifs est multipliée par trois si elle n&rsquo;est pas réfléchie au départ. Quels sont vos objectifs, vos cibles ? Je vous accompagne dans ces réflexions.</p>
<p><strong>&#8230; à la réalisation</strong></p>
<p>Vous avez déjà pensé à tout ? Parfait ! Que vous m&rsquo;ayez demandé conseil au préalable ou non, j&rsquo;assure la réalisation de votre vidéo du début à la fin :</p>
<blockquote>
<ul>
<li>scénarisation</li>
<li>tournage</li>
<li>post-production</li>
<li>diffusion</li>
</ul>
</blockquote>
<p><strong>En m&rsquo;adaptant à vos besoins</strong></p>
<p>Vous pouvez simplement nécessiter l&rsquo;intervention d&rsquo;un caméraman ou d&rsquo;un monteur. C&rsquo;est pourquoi je m&rsquo;adapte à vos demandes, qu&rsquo;il s&rsquo;agisse d&rsquo;une intervention ponctuelle ou d&rsquo;un mandat plus long, en vous proposant une tarification à l&rsquo;heure ou au forfait, selon le projet.</p>
<p><strong>Prises de vue à 360°</strong></p>
<p>Professionnel agrée auprès de Google Street View, je peux produire des prises de vue (photo ou vidéo) à 360° pour présenter un établissement ou tout autre lieu sur <em>Google Maps</em>, mais aussi pour créer des visites interactives (agrémentées de texte et de liens par exemple).</p>
<p><script src="https://static.kuula.io/embed.js" data-kuula="https://kuula.co/share/7ltgt?fs=1&#038;vr=0&#038;thumbs=1&#038;chromeless=0&#038;logo=0" data-width="100%" data-height="640px"></script></p>
<p>Je suis également à votre service pour la création de visuels originaux de types <a href="https://www.flickr.com/photos/rhespel/sets/72157693807132641" rel="noopener" target="_blank"><em>little planet</em> ou <em>wormhole</em></a>.</p>
<p><strong>Interventions possibles sur :</strong></p>
<p>La réalisation de vidéos corporatives, de podcasts à destination de l&rsquo;interne ou de l&rsquo;externe, de retransmissions en direct sur internet, &#8230; ou toute autre création média à destination du web. La meilleure façon de savoir si je peux vous aider, c&rsquo;est encore de <a title="contact" href="http://hespel.fr/?page_id=7" target="_self" rel="noopener">me contacter</a>.</p>
<p><img loading="lazy" decoding="async" data-attachment-id="1028" data-permalink="https://hespel.fr/?attachment_id=1028" data-orig-file="https://hespel.fr/wp-content/uploads/2018/06/SVtrusted-EN.png" data-orig-size="2400,600" data-comments-opened="1" data-image-meta="{&quot;aperture&quot;:&quot;0&quot;,&quot;credit&quot;:&quot;&quot;,&quot;camera&quot;:&quot;&quot;,&quot;caption&quot;:&quot;&quot;,&quot;created_timestamp&quot;:&quot;0&quot;,&quot;copyright&quot;:&quot;&quot;,&quot;focal_length&quot;:&quot;0&quot;,&quot;iso&quot;:&quot;0&quot;,&quot;shutter_speed&quot;:&quot;0&quot;,&quot;title&quot;:&quot;&quot;,&quot;orientation&quot;:&quot;0&quot;}" data-image-title="SVtrusted-EN" data-image-description="" data-image-caption="" data-large-file="https://hespel.fr/wp-content/uploads/2018/06/SVtrusted-EN-1024x256.png" src="https://hespel.fr/wp-content/uploads/2018/06/SVtrusted-EN-300x75.png" alt="" width="300" height="75" class="alignnone size-medium wp-image-1028" srcset="https://hespel.fr/wp-content/uploads/2018/06/SVtrusted-EN-300x75.png 300w, https://hespel.fr/wp-content/uploads/2018/06/SVtrusted-EN-768x192.png 768w, https://hespel.fr/wp-content/uploads/2018/06/SVtrusted-EN-1024x256.png 1024w" sizes="auto, (max-width: 300px) 100vw, 300px" /></p>

<p>Consultant en vidéo et vidéographe indépendant&#8230; Qu&rsquo;est-ce que ça veut dire ? Vous êtes une entreprise, un indépendant ou un particulier et vous avez besoin d&rsquo;une vidéo. Je peux vous aider. De la conception&#8230; Une vidéo réussie est une vidéo bien conçue. Peu importe les moyens que vous mettrez dans sa production, les chances qu&rsquo;elle</p>
<footer class="entry-footer index-entry">
<div class="post-social pull-left"><a href="https://www.facebook.com/sharer/sharer.php?u=https%3A%2F%2Fhespel.fr%2F%3Fpage_id%3D122" target="_blank" class="social-icons"><i class="fa fa-facebook" aria-hidden="true"></i></a><a href="https://twitter.com/home?status=https%3A%2F%2Fhespel.fr%2F%3Fpage_id%3D122" target="_blank" class="social-icons"><i class="fa fa-twitter" aria-hidden="true"></i></a><a href="https://www.linkedin.com/shareArticle?mini=true&#038;url=https%3A%2F%2Fhespel.fr%2F%3Fpage_id%3D122&#038;title=Mes+services" target="_blank" class="social-icons"><i class="fa fa-linkedin" aria-hidden="true"></i></a></div>
<p class="link-more"><a href="https://hespel.fr/?page_id=122" class="more-link">Continue reading <span class="meta-nav">→</span></a></p>
</footer>

Créateur de contenu vidéo pour le web principalement, je suis actuellement vidéaste pour l'Université de Liège, en Belgique. Je m'intéresse à tout ce qui touche à la vidéo, au cinéma, au web et aux nouvelles technologies... Avec ce blog, je partage mon point de vue sur la manière dont ces…

Dans &quot;Réflexions&quot;

Réflexions

Retrouvez d'autres exemples des projets sur lesquels j'ai pu travailler sur mon espace Vimeo. Vidéo de présentation du Centre Spatial de Liège (2019) https://www.youtube.com/watch?v=kBw89kdSA9s Visite du campus de l'Université de Liège à 360° (2018) https://www.youtube.com/watch?v=TbF3HWX-xSg&t=15s Clip à destination des diplômés de l'Université de Liège (2013) https://vimeo.com/86115217 Autour d’Arthur Grumiaux (2011)…
